 = -f + 4. Let o be r(12). What is the tens digit of g(o)?
9
Let v = 258 - -295. What is the hundreds digit of v?
5
Let s(u) = u**3 - 4*u**2 - 8*u + 6. Let q be s(5). Let o be q/(-15) - 27/(-5). Let l = 15 + o. What is the units digit of l?
1
Let a = -1628 + 5607. What is the thousands digit of a?
3
What is the tens digit of (-2)/3*11550/(-20)?
8
Suppose 3*f + 15 = c, c + 5*f = 3*c - 29. Suppose 5*q - 33 = 2*q. Let j = c - q. What is the units digit of j?
1
Let g(x) = -x**2 - 69*x + 45. What is the hundreds digit of g(-24)?
1
Let d(h) = -2*h**3 + h - 2. Let o be d(-2). Let j(i) = i**2 - 8*i - 23. What is the tens digit of j(o)?
2
Suppose 0 = 4*w + 32 - 4. Let p = w - -11. Suppose -2*i + 19 = 3*g - 3*i, p*i + 28 = 4*g. What is the units digit of g?
6
Let m(a) = -24 + 40*a - 8*a - 9*a. What is the tens digit of m(7)?
3
Suppose 0 = -2*x - 3*w + 533, -5*x = 4*w - 7*w - 1280. Let d = x - 85. What is the hundreds digit of d?
1
Let o = 689 + -39. What is the hundreds digit of o?
6
What is the tens digit of (-1 + 0)*(6 + -6497 - -19)?
7
Let x = 1212 - 979. What is the tens digit of x?
3
Let m(q) = q**3 + 8*q**2 - 137 + 2*q + 138 - 4*q. What is the tens digit of m(-8)?
1
Suppose 0 = 3*y + 5*d - 46, y = -3*y + 5*d + 3. Let i be (-3)/2*(-31 + y). Let u = i - 17. What is the tens digit of u?
1
Let w(k) = k**3 + 18*k**2 + 3*k + 28. Let u = 34 + -51. What is the units digit of w(u)?
6
Let v(m) = 6*m**3 + 8*m - 5. What is the hundreds digit of v(4)?
4
Let r = -11 - -17. Let m(i) = 3*i - 3*i + 1 - i**3 + i**2 + 6*i**2 + 2*i. What is the units digit of m(r)?
9
Let h(f) = -2*f**2 + f + 2. Let q be h(2). What is the units digit of (25/q + (-20)/(-10))*-4?
7
What is the tens digit of 2/4 + 190380/120?
8
Suppose -28*t - 1119 = -12823. What is the units digit of t?
8
Let c = 2234 - 2030. What is the tens digit of c?
0
Let l be (6/12)/(4/40). Suppose -3*p = 5*j - 255, 13 - 217 = -4*j + l*p. What is the tens digit of j?
5
Let t(c) = c**2 + 3*c. Let f be t(-3). Let k = 89 + 11. Suppose f = 3*i - 0*y - y - 92, 3*i + y - k = 0. What is the tens digit of i?
3
Let b(t) = 4 - 8*t**2 + 17*t**2 + 5*t + 4*t + t**3. What is the units digit of b(-7)?
9
Let f(l) = l - 4 + 0*l + 1 + 18*l. Let t be f(2). Suppose -6*b = -b - t. What is the units digit of b?
7
Let p be (16/(-6))/((-4)/78). Suppose 3*d + 4*j = 35, -j + 9 = d - 1. Suppose -d*w + 7*w = p. What is the units digit of w?
6
Let c be (-2)/((-8)/240*-12). Suppose -6 = -4*v + 3*w - 28, -3*v - 5*w - 31 = 0. Let q = c - v. What is the units digit of q?
2
Let f(u) = -3*u**3 + 8*u**2 + u - 69. What is the units digit of f(-7)?
5
What is the thousands digit of (-3 + (-80)/(-24))*7899?
2
Suppose -5*x = -5*h - 25 - 5, 3*x - 4 = -4*h. What is the units digit of x + 44/33*534/4?
2
Suppose -s - 3*s = 24. Let a = 2 + s. What is the units digit of a*(-28)/8 + 1?
5
Suppose -x = -3*b - 15, -2*x + 4*b = -b - 26. Suppose -74*t - 91 = -67*t. Let d = x - t. What is the tens digit of d?
1
Suppose 245 = 4*h + 5*o - 244, 4*h = o + 459. What is the units digit of h?
6
Suppose -7*z + 15 = -6. What is the units digit of (15 - (4 + -7))*z?
4
Let g be 135 - 0 - 2/(-4)*0. Let m = g - 53. What is the units digit of m?
2
Let d be (-74)/(-14) + 20/(-70). Let j = 5 - d. Let s = 12 + j. What is the tens digit of s?
1
Let n(q) = -12*q**3 - 15*q**2 + 11*q + 40. What is the thousands digit of n(-7)?
3
Suppose 0 = -2*u + d + 3388, 5*d + 1204 = -3*u + 6286. What is the hundreds digit of u?
6
Let y(q) = -q**3 + 16*q**2 + q - 13. What is the units digit of y(-7)?
7
What is the units digit of (9/(-12))/(3 + 373/(-124))?
3
Let b = 15 + -14. Let c(f) = f**3 + b - 3*f + 10*f**2 - f**2 - 5*f**2 - 2*f**2. What is the units digit of c(-3)?
1
Let m(t) = -19*t**3 - 7*t**2 - 8*t + 15. What is the units digit of m(-4)?
1
Let u(v) = 9*v**2 - 17*v - 25. Let n(d) = -d**2 - d. Let t(j) = 6*n(j) + u(j). What is the tens digit of t(11)?
8
Let m(v) = v**2 - 3*v - 3. Suppose 0 = -5*b - 21 + 6. Let y be m(b). Let r = 31 - y. What is the tens digit of r?
1
Let b(a) = -a + 1. Let o(p) = 2*p + 3. Let k be o(-2). Let h be b(k). Suppose h*j - 30 = 7*x - 3*x, -3*x = 15. What is the units digit of j?
5
Let w = 67 - -56. Suppose 3*y - 7*y = -3*x + w, x - 2*y - 43 = 0. What is the units digit of x?
7
Let i = 377 + -120. What is the units digit of i?
7
Let s be (16/40)/((-1)/(-10)). Suppose -a + s*a = 0. Suppose r + 4*r - 30 = a. What is the units digit of r?
6
Let f(r) = r**3 - 8*r**2 + 3*r - 7. Suppose 40 = 17*x - 12*x. What is the tens digit of f(x)?
1
Let w(c) = -c**2 - c + 5. Let s be w(-4). Let l be -3 - (s + 2) - -1. What is the units digit of 1/l + 124/6?
1
Let d(w) = -289*w - 522. What is the tens digit of d(-10)?
6
Let q = -3 - -2. What is the units digit of ((-84)/(-140))/(q/(-10))?
6
Suppose -35*l + 6622 = -13*l. What is the units digit of l?
1
Let w(y) = 190*y - 671. What is the hundreds digit of w(22)?
5
Let d(j) = 5*j - 5. Let p be d(-4). Let k = 27 + p. Let h(i) = 32*i - 5. What is the units digit of h(k)?
9
Suppose -90 = -2*x + 5*x. Let t be 4/x + 9771/45. What is the tens digit of 4/6 - t/(-21)?
1
Let o be (6 + -3)/(6/740). Suppose 0 = 5*r + 90 - o. What is the units digit of r?
6
Suppose 3*b - 4 = 2, -b = 4*q - 2586. What is the units digit of q?
6
Let t(c) = -c**2 + 12*c - 15. Let y be t(10). Suppose y*u = -5*n - 240, u - 3*n + 11 = -49. Let s = 79 + u. What is the units digit of s?
8
Suppose -390 = 5*g + 635. Let q = g + 426. What is the units digit of q?
1
Suppose -8*z = -505 - 335. Let b = 269 - z. Suppose -q + b = 5*k + 38, 4*k = 2*q + 112. What is the tens digit of k?
2
Let g(t) = -t**2 - 19*t + 134. What is the hundreds digit of g(0)?
1
Let z be -33*(1 - (1 + -1)). Let n = z - 11. Let t = -31 - n. What is the tens digit of t?
1
Suppose -5*d - 4*b = -31, 8*b + 18 = 2*d + 4*b. Let t be 2 + 0/(-3) - -1. Suppose -2*v - d = -t*x + 68, -4*x + 5*v = -93. What is the tens digit of x?
2
Let r(t) be the first derivative of t**3/3 - 4*t**2 + 9*t + 10. Let a be r(7). Suppose -4*k = 4*z - 204, 0 = z + 1 - a. What is the tens digit of k?
5
Let r = 26 + -48. Let h = 75 + r. Suppose 4*f = 277 - h. What is the tens digit of f?
5
Suppose 2*x + 22 - 469 = 5*v, 468 = 2*x + 2*v. What is the hundreds digit of x?
2
Let t be 7/((-105)/(-4734)) - (-2)/5. Suppose -3*p + 209 = 2*o + 56, 0 = 4*o - 4*p - t. What is the units digit of o?
8
Let k(d) = -14*d + 9. Let w be k(1). Let x = 7 - w. What is the tens digit of x?
1
Let t(q) = 121*q**2 - q - 31. What is the thousands digit of t(-4)?
1
Suppose -4*b = 4*z - 2652, b + 194*z - 661 = 191*z. What is the tens digit of b?
6
Suppose 4*v - 32 = -4. Suppose -1025 = -v*a + 256. What is the units digit of a?
3
Suppose 2*j + 14*c - 7625 = 9*c, -3*c - 3818 = -j. What is the hundreds digit of j?
8
Let a(i) = -i**3 + 15*i**2 - 11*i - 28. Let f be a(14). What is the hundreds digit of 14*f - (-2)/(-3)*6?
1
Suppose 4*b + 4*z - 448 = 0, 10 = -0*z - 2*z. Suppose -4*l + 629 = -3*u, -5*l - u + b = -674. What is the units digit of l?
8
Let g(f) be the first derivative of 4*f + 5 + 3/2*f**2. What is the units digit of g(5)?
9
Suppose 2*i - 6 = 0, -26*i + 23*i = 4*g - 8769. What is the hundreds digit of g?
1
Let z(p) be the third derivative of 7*p**4/24 + p**3/2 + 4*p**2. Let l(v) = -7*v - 3. Let x(i) = 5*l(i) + 4*z(i). What is the units digit of x(-4)?
5
Let b(v) = v**3 - 6*v**2 - 5*v - 8. Suppose -i - 6*u + 9 = -5*u, i - 2*u = 3. What is the units digit of b(i)?
6
Let v = 669 + -446. What is the hundreds digit of v?
2
Let g be -2 + 8/4 - -4. Suppose p - 325 = -g*p. Let l = p + -45. What is the tens digit of l?
2
Suppose -5*r = -3063 - 5012. What is the units digit of r?
5
Let y(h) = -25*h**3 - 5*h**2 - 9*h - 7. What is the units digit of y(-3)?
0
Let z(w) = -3*w**3 - 8*w**2 - 7*w + 3. Let s(h) = 2*h**3 + 7*h**2 + 6*h - 2. Let q(o) = -5*s(o) - 4*z(o). What is the tens digit of q(4)?
7
Let o(k) = -7*k - 27. Let p = -30 - -22. What is the units digit of o(p)?
9
Let f = -20 + 23. Suppose 100 = 2*m + f*m. What is the tens digit of m?
2
Suppose 115*y - 116*y + 3 = 0. Suppose 0 = -2*q - 3*q + 20, -y*o + 5*q + 49 = 0. What is the units digit of o?
3
Suppose 0 = -a + 27 + 9. Suppose m - q - 8 = 0, -2*m + 2*q = 2*m - a. What is the units digit of 128/6 - m/(-15)?
2
Let p 